{"id":241,"date":"2017-08-11T08:51:22","date_gmt":"2017-08-11T08:51:22","guid":{"rendered":"http:\/\/bs-collections.de\/wp\/?page_id=241"},"modified":"2018-01-23T10:31:24","modified_gmt":"2018-01-23T10:31:24","slug":"unternehmen","status":"publish","type":"page","link":"https:\/\/schaeffer-americanhome.de\/index.php\/service-extras\/unternehmen\/","title":{"rendered":"Unternehmen"},"content":{"rendered":"<div id=\"pl-241\"  class=\"panel-layout\" ><div id=\"pg-241-0\"  class=\"panel-grid panel-has-style\" ><div style=\"padding: 5px 0; \" data-overlay=\"true\" data-overlay-color=\"#000000\" class=\"panel-row-style panel-row-style-for-241-0\" ><div id=\"pgc-241-0-0\"  class=\"panel-grid-cell\" ><div id=\"panel-241-0-0-0\" class=\"so-panel widget widget_sow-editor panel-first-child panel-last-child\" data-index=\"0\" ><div style=\"text-align: left;\" data-title-color=\"#443f3f\" data-headings-color=\"#443f3f\" class=\"panel-widget-style panel-widget-style-for-241-0-0-0\" ><div\n\t\t\t\n\t\t\tclass=\"so-widget-sow-editor so-widget-sow-editor-base\"\n\t\t\t\n\t\t>\n<div class=\"siteorigin-widget-tinymce textwidget\">\n\t<div id=\"txt_29\">\n<p class=\"Textk\u00f6rper-P\"><span class=\"Textk\u00f6rper-C1\"><img loading=\"lazy\" class=\"alignleft wp-image-70 size-medium\" src=\"https:\/\/schaeffer-americanhome.de\/wp-content\/uploads\/2017\/06\/cropped-test2-300x118.jpg\" alt=\"\" width=\"300\" height=\"118\" srcset=\"https:\/\/schaeffer-americanhome.de\/wp-content\/uploads\/2017\/06\/cropped-test2-300x118.jpg 300w, https:\/\/schaeffer-americanhome.de\/wp-content\/uploads\/2017\/06\/cropped-test2-768x303.jpg 768w, https:\/\/schaeffer-americanhome.de\/wp-content\/uploads\/2017\/06\/cropped-test2-1024x404.jpg 1024w, https:\/\/schaeffer-americanhome.de\/wp-content\/uploads\/2017\/06\/cropped-test2-830x328.jpg 830w, https:\/\/schaeffer-americanhome.de\/wp-content\/uploads\/2017\/06\/cropped-test2-230x91.jpg 230w, https:\/\/schaeffer-americanhome.de\/wp-content\/uploads\/2017\/06\/cropped-test2-350x138.jpg 350w, https:\/\/schaeffer-americanhome.de\/wp-content\/uploads\/2017\/06\/cropped-test2-480x190.jpg 480w, https:\/\/schaeffer-americanhome.de\/wp-content\/uploads\/2017\/06\/cropped-test2.jpg 1920w\" sizes=\"(max-width: 300px) 100vw, 300px\" \/>Sch\u00e4ffer und Handelspartner<\/span><\/p>\n<p class=\"Textk\u00f6rper-P\"><span class=\"Textk\u00f6rper-C2\">Als Lieferant von ausgefallenen M\u00f6beln aus aller Welt haben wir uns einen Namen gemacht und vertreiben diese \u00fcber den Fachhandel in Deutschland und Mitteleuropa.Jahrzehnte Erfahrung sind die Voraussetzung f\u00fcr eine erfolgreiche Umsetzung amerikanischen Designs und Wohnkultur.<\/span><\/p>\n<p class=\"Textk\u00f6rper-P\"><span class=\"Textk\u00f6rper-C2\">Mit unseren Handelspartnern haben wir Konzepte erarbeitet, die massgeschneidert f\u00fcr unsere Kunden entwickelt wurden. Diese garantieren gr\u00f6\u00dfte Vielfalt f\u00fcr individuelle Einrichtungsm\u00f6glichkeiten und lassen viel Raum f\u00fcr eigene Kreativit\u00e4t.<\/span><\/p>\n<p class=\"Textk\u00f6rper-P\"><span class=\"Textk\u00f6rper-C2\">Wir beantworten die Fragen und W\u00fcnsche unserer Kunden gern, wann immer es erforderlich ist und haben schon lange erkannt, dass man nur mit bestem Service langfristig erfolgreich sein kann.<\/span><\/p>\n<p class=\"Textk\u00f6rper-P\"><span class=\"Textk\u00f6rper-C2\">\u00a0Unser Team von Marketingspezialisten und geschulten Servicemitarbeitern unterst\u00fctzt unsere Handelspartner im Bestreben beste Kundenzufriedenheit zu erreiche<\/span><span class=\"Textk\u00f6rper-C3\">n.<\/span><\/p>\n<\/div>\n<\/div>\n<\/div><\/div><\/div><\/div><\/div><\/div><\/div>","protected":false},"excerpt":{"rendered":"<p>Sch\u00e4ffer und HandelspartnerAls Lieferant von ausgefallenen M\u00f6beln aus aller Welt haben wir uns einen Namen gemacht und vertreiben diese \u00fcber den Fachhandel in Deutschland und Mitteleuropa.Jahrzehnte Erfahrung sind die Voraussetzung f\u00fcr eine erfolgreiche Umsetzung amerikanischen Designs und Wohnkultur.Mit unseren Handelspartnern haben wir Konzepte erarbeitet, die massgeschneidert f\u00fcr unsere Kunden entwickelt wurden. Diese garantieren gr\u00f6\u00dfte Vielfalt [&hellip;]<\/p>\n","protected":false},"author":1,"featured_media":0,"parent":221,"menu_order":18,"comment_status":"closed","ping_status":"closed","template":"","meta":[],"aioseo_notices":[],"_links":{"self":[{"href":"https:\/\/schaeffer-americanhome.de\/index.php\/wp-json\/wp\/v2\/pages\/241"}],"collection":[{"href":"https:\/\/schaeffer-americanhome.de\/index.php\/wp-json\/wp\/v2\/pages"}],"about":[{"href":"https:\/\/schaeffer-americanhome.de\/index.php\/wp-json\/wp\/v2\/types\/page"}],"author":[{"embeddable":true,"href":"https:\/\/schaeffer-americanhome.de\/index.php\/wp-json\/wp\/v2\/users\/1"}],"replies":[{"embeddable":true,"href":"https:\/\/schaeffer-americanhome.de\/index.php\/wp-json\/wp\/v2\/comments?post=241"}],"version-history":[{"count":3,"href":"https:\/\/schaeffer-americanhome.de\/index.php\/wp-json\/wp\/v2\/pages\/241\/revisions"}],"predecessor-version":[{"id":2441,"href":"https:\/\/schaeffer-americanhome.de\/index.php\/wp-json\/wp\/v2\/pages\/241\/revisions\/2441"}],"up":[{"embeddable":true,"href":"https:\/\/schaeffer-americanhome.de\/index.php\/wp-json\/wp\/v2\/pages\/221"}],"wp:attachment":[{"href":"https:\/\/schaeffer-americanhome.de\/index.php\/wp-json\/wp\/v2\/media?parent=241"}],"curies":[{"name":"wp","href":"https:\/\/api.w.org\/{rel}","templated":true}]}}