{"id":3437,"date":"2021-11-04T12:35:19","date_gmt":"2021-11-04T11:35:19","guid":{"rendered":"https:\/\/schaeffer-americanhome.de\/?page_id=3437"},"modified":"2021-11-08T11:28:11","modified_gmt":"2021-11-08T10:28:11","slug":"news","status":"publish","type":"page","link":"https:\/\/schaeffer-americanhome.de\/index.php\/news\/","title":{"rendered":"News"},"content":{"rendered":"<div id=\"pl-3437\"  class=\"panel-layout\" ><div id=\"pg-3437-0\"  class=\"panel-grid panel-has-style\" ><div style=\"padding: 100px 0; \" data-overlay=\"true\" data-overlay-color=\"#000000\" class=\"panel-row-style panel-row-style-for-3437-0\" ><div id=\"pgc-3437-0-0\"  class=\"panel-grid-cell\" ><div id=\"panel-3437-0-0-0\" class=\"so-panel widget widget_text panel-first-child panel-last-child\" data-index=\"0\" ><div style=\"text-align: left;\" data-title-color=\"#443f3f\" data-headings-color=\"#443f3f\" class=\"panel-widget-style panel-widget-style-for-3437-0-0-0\" ><h3 class=\"widget-title\">Sch\u00e4ffer geht ab 1.10 bei Porta mit neuem Modul Shop an den Start.<\/h3>\t\t\t<div class=\"textwidget\"><p>Bis heute wurden unter der Porta Eigenmarke \u201eSouthampton\u201c Programme im Landhaus- sowie Klassikbereich und Solitairem\u00f6bel angeboten.<br \/>\nSeit 1.Oktober werden die Fl\u00e4chen umger\u00fcstet auf das neue \u201eSch\u00e4ffer Modulsystem\u201c. Mit Schwerpunkt auf Chrom\/Glas-Tischen, ausgefallenen exklusiven Kommoden\/Regalen\/Vitrinen und innovativen Polstergruppen wird das Erfolgskonzept des Nischenanbieters zeitgem\u00e4\u00df modifiziert.<\/p>\n<p>Schauen Sie doch mal rein. Sie finden uns in den H\u00e4usern in Minden-Barkhausen, G\u00fctersloh, Hannover, Potsdam, Leipzig, Frechen, Berlin, Porz Lind und Aachen.<\/p>\n<style>#jtg-3430 .modula-item .jtg-social a, .lightbox-socials.jtg-social a{ color: #ffffff }#jtg-3430 .modula-item .jtg-social svg, .lightbox-socials.jtg-social svg { height: 16px; width: 16px }#jtg-3430 .modula-item .jtg-social a:not(:last-child), .lightbox-socials.jtg-social a:not(:last-child) { margin-right: 10px }#jtg-3430 .modula-item .figc {color:#ffffff;}#jtg-3430 .modula-item .modula-item-content { transform: scale(1) }#jtg-3430 { width:100%;}#jtg-3430 .modula-items .figc p.description { font-size:14px; }#jtg-3430 .modula-items .figc p.description { color:#ffffff;}#jtg-3430.modula-gallery .modula-item > a, #jtg-3430.modula-gallery .modula-item, #jtg-3430.modula-gallery .modula-item-content > a { cursor:zoom-in; } #jtg-3430.modula-gallery .modula-item, .modula-gallery .modula-grid-sizer { width: calc(33.333333333333% - 6.6666666666667px) !important ; } #jtg-3430 .modula-items{position:relative;}@media screen and (max-width:480px){#jtg-3430 .modula-item .figc .jtg-title {  font-size: 12px; }#jtg-3430 .modula-items .figc p.description { color:#ffffff;font-size:10px; }}<\/style>\n<!-- Gallery Container -->\n<div  id=\"jtg-3430\" class=\"modula modula-gallery modula-columns\" data-config=\"{&quot;enableTwitter&quot;:false,&quot;enableWhatsapp&quot;:false,&quot;enableFacebook&quot;:false,&quot;enablePinterest&quot;:false,&quot;enableLinkedin&quot;:false,&quot;enableEmail&quot;:false,&quot;randomFactor&quot;:0.5,&quot;type&quot;:&quot;grid&quot;,&quot;columns&quot;:12,&quot;gutter&quot;:10,&quot;mobileGutter&quot;:10,&quot;tabletGutter&quot;:10,&quot;desktopGutter&quot;:10,&quot;enableResponsive&quot;:&quot;0&quot;,&quot;tabletColumns&quot;:&quot;2&quot;,&quot;mobileColumns&quot;:&quot;1&quot;,&quot;lazyLoad&quot;:&quot;0&quot;,&quot;lightboxOpts&quot;:{&quot;loop&quot;:false,&quot;arrows&quot;:true,&quot;toolbar&quot;:true,&quot;keyboard&quot;:false,&quot;wheel&quot;:false,&quot;buttons&quot;:[&quot;close&quot;],&quot;hash&quot;:false,&quot;lang&quot;:&quot;en&quot;,&quot;touch&quot;:false,&quot;protect&quot;:false,&quot;i18n&quot;:{&quot;en&quot;:{&quot;CLOSE&quot;:&quot;Close&quot;,&quot;NEXT&quot;:&quot;Next&quot;,&quot;PREV&quot;:&quot;Previous&quot;,&quot;Error&quot;:&quot;The requested content cannot be loaded. Please try again later.&quot;,&quot;PLAY_START&quot;:&quot;Start slideshow&quot;,&quot;PLAY_STOP&quot;:&quot;Pause slideshow&quot;,&quot;FULL_SCREEN&quot;:&quot;Full screen&quot;,&quot;THUMBS&quot;:&quot;Thumbnails&quot;,&quot;DOWNLOAD&quot;:&quot;Download&quot;,&quot;SHARE&quot;:&quot;Share&quot;,&quot;ZOOM&quot;:&quot;Zoom&quot;}},&quot;clickSlide&quot;:false,&quot;clickOutside&quot;:false,&quot;dblclickContent&quot;:false,&quot;dblclickSlide&quot;:false,&quot;dblclickOutside&quot;:false,&quot;clickContent&quot;:false,&quot;baseTpl&quot;:&quot;&lt;div class=\\&quot;modula-fancybox-container modula-lightbox-jtg-3430\\&quot; role=\\&quot;dialog\\&quot; tabindex=\\&quot;-1\\&quot;&gt;&lt;div class=\\&quot;modula-fancybox-bg\\&quot;&gt;&lt;\\\/div&gt;&lt;div class=\\&quot;modula-fancybox-inner\\&quot;&gt;&lt;div class=\\&quot;modula-fancybox-infobar\\&quot;&gt;&lt;span data-fancybox-index&gt;&lt;\\\/span&gt;&nbsp;\\\/&nbsp;&lt;span data-fancybox-count&gt;&lt;\\\/span&gt;&lt;\\\/div&gt;&lt;div class=\\&quot;modula-fancybox-toolbar\\&quot;&gt;{{buttons}}&lt;\\\/div&gt;&lt;div class=\\&quot;modula-fancybox-navigation\\&quot;&gt;{{arrows}}&lt;\\\/div&gt;&lt;div class=\\&quot;modula-fancybox-stage\\&quot;&gt;&lt;\\\/div&gt;&lt;div class=\\&quot;modula-fancybox-caption\\&quot;&gt;&lt;div class=\\&quot;modula-fancybox-caption__body\\&quot;&gt;&lt;\\\/div&gt;&lt;\\\/div&gt;&lt;\\\/div&gt;&lt;\\\/div&gt;&quot;},&quot;inView&quot;:false,&quot;email_subject&quot;:&quot;Check out this awesome image !!&quot;,&quot;email_message&quot;:&quot;Here is the link to the image : %%image_link%% and this is the link to the gallery : %%gallery_link%%&quot;,&quot;grid_type&quot;:&quot;3&quot;,&quot;rowHeight&quot;:150,&quot;lastRow&quot;:&quot;justify&quot;,&quot;lightbox&quot;:&quot;fancybox&quot;}\">\n\n\t<div class=\"modula-grid-sizer\"> <\/div>\n\t<!-- Items Container -->\n\t<div  class=\"modula-items grid-gallery\">\n\t\t<div class=\"modula-item effect-pufrobo\" >\n\t<div class=\"modula-item-overlay\"><\/div>\n\n\t<div class=\"modula-item-content\">\n\n\t\t\t\t\n\t\t\t\t\t<a data-image-id=\"3425\" href=\"https:\/\/schaeffer-americanhome.de\/wp-content\/uploads\/2021\/11\/news1_08.jpg\" rel=\"jtg-3430\" data-caption=\"\" class=\"tile-inner modula-item-link\"><\/a>\n\t\t\n\t\t<img class=\"pic\"  data-valign=\"middle\" data-halign=\"center\" alt=\"\" data-full=\"https:\/\/schaeffer-americanhome.de\/wp-content\/uploads\/2021\/11\/news1_08.jpg\" title=\"news1_08\" width=\"1024\" height=\"683\" src=\"https:\/\/schaeffer-americanhome.de\/wp-content\/uploads\/2021\/11\/news1_08-1024x683.jpg\" data-src=\"https:\/\/schaeffer-americanhome.de\/wp-content\/uploads\/2021\/11\/news1_08-1024x683.jpg\" data-caption=\"\"srcset=\"https:\/\/schaeffer-americanhome.de\/wp-content\/uploads\/2021\/11\/news1_08-1024x683.jpg 1024w, https:\/\/schaeffer-americanhome.de\/wp-content\/uploads\/2021\/11\/news1_08-300x200.jpg 300w, https:\/\/schaeffer-americanhome.de\/wp-content\/uploads\/2021\/11\/news1_08-768x512.jpg 768w, https:\/\/schaeffer-americanhome.de\/wp-content\/uploads\/2021\/11\/news1_08-1536x1024.jpg 1536w, https:\/\/schaeffer-americanhome.de\/wp-content\/uploads\/2021\/11\/news1_08-2048x1366.jpg 2048w, https:\/\/schaeffer-americanhome.de\/wp-content\/uploads\/2021\/11\/news1_08-830x553.jpg 830w, https:\/\/schaeffer-americanhome.de\/wp-content\/uploads\/2021\/11\/news1_08-230x153.jpg 230w, https:\/\/schaeffer-americanhome.de\/wp-content\/uploads\/2021\/11\/news1_08-350x233.jpg 350w, https:\/\/schaeffer-americanhome.de\/wp-content\/uploads\/2021\/11\/news1_08-480x320.jpg 480w, https:\/\/schaeffer-americanhome.de\/wp-content\/uploads\/2021\/11\/news1_08-272x182.jpg 272w\" sizes=\"(max-width: 1024px) 100vw, 1024px\"\" \/>\n\t\t<div class=\"figc no-description\">\n\t\t\t<div class=\"figc-inner\">\n\t\t\t\t\t\t\t\t\t\t\t\t\t\t\t<\/div>\n\t\t<\/div>\n\n\t<\/div>\n\n<\/div><div class=\"modula-item effect-pufrobo\" >\n\t<div class=\"modula-item-overlay\"><\/div>\n\n\t<div class=\"modula-item-content\">\n\n\t\t\t\t\n\t\t\t\t\t<a data-image-id=\"3424\" href=\"https:\/\/schaeffer-americanhome.de\/wp-content\/uploads\/2021\/11\/news1_07.jpg\" rel=\"jtg-3430\" data-caption=\"\" class=\"tile-inner modula-item-link\"><\/a>\n\t\t\n\t\t<img class=\"pic\"  data-valign=\"middle\" data-halign=\"center\" alt=\"\" data-full=\"https:\/\/schaeffer-americanhome.de\/wp-content\/uploads\/2021\/11\/news1_07.jpg\" title=\"news1_07\" width=\"1024\" height=\"683\" src=\"https:\/\/schaeffer-americanhome.de\/wp-content\/uploads\/2021\/11\/news1_07-1024x683.jpg\" data-src=\"https:\/\/schaeffer-americanhome.de\/wp-content\/uploads\/2021\/11\/news1_07-1024x683.jpg\" data-caption=\"\"srcset=\"https:\/\/schaeffer-americanhome.de\/wp-content\/uploads\/2021\/11\/news1_07-1024x683.jpg 1024w, https:\/\/schaeffer-americanhome.de\/wp-content\/uploads\/2021\/11\/news1_07-300x200.jpg 300w, https:\/\/schaeffer-americanhome.de\/wp-content\/uploads\/2021\/11\/news1_07-768x512.jpg 768w, https:\/\/schaeffer-americanhome.de\/wp-content\/uploads\/2021\/11\/news1_07-1536x1024.jpg 1536w, https:\/\/schaeffer-americanhome.de\/wp-content\/uploads\/2021\/11\/news1_07-2048x1366.jpg 2048w, https:\/\/schaeffer-americanhome.de\/wp-content\/uploads\/2021\/11\/news1_07-830x553.jpg 830w, https:\/\/schaeffer-americanhome.de\/wp-content\/uploads\/2021\/11\/news1_07-230x153.jpg 230w, https:\/\/schaeffer-americanhome.de\/wp-content\/uploads\/2021\/11\/news1_07-350x233.jpg 350w, https:\/\/schaeffer-americanhome.de\/wp-content\/uploads\/2021\/11\/news1_07-480x320.jpg 480w, https:\/\/schaeffer-americanhome.de\/wp-content\/uploads\/2021\/11\/news1_07-272x182.jpg 272w\" sizes=\"(max-width: 1024px) 100vw, 1024px\"\" \/>\n\t\t<div class=\"figc no-description\">\n\t\t\t<div class=\"figc-inner\">\n\t\t\t\t\t\t\t\t\t\t\t\t\t\t\t<\/div>\n\t\t<\/div>\n\n\t<\/div>\n\n<\/div><div class=\"modula-item effect-pufrobo\" >\n\t<div class=\"modula-item-overlay\"><\/div>\n\n\t<div class=\"modula-item-content\">\n\n\t\t\t\t\n\t\t\t\t\t<a data-image-id=\"3423\" href=\"https:\/\/schaeffer-americanhome.de\/wp-content\/uploads\/2021\/11\/news1_06.jpg\" rel=\"jtg-3430\" data-caption=\"\" class=\"tile-inner modula-item-link\"><\/a>\n\t\t\n\t\t<img class=\"pic\"  data-valign=\"middle\" data-halign=\"center\" alt=\"\" data-full=\"https:\/\/schaeffer-americanhome.de\/wp-content\/uploads\/2021\/11\/news1_06.jpg\" title=\"news1_06\" width=\"1024\" height=\"683\" src=\"https:\/\/schaeffer-americanhome.de\/wp-content\/uploads\/2021\/11\/news1_06-1024x683.jpg\" data-src=\"https:\/\/schaeffer-americanhome.de\/wp-content\/uploads\/2021\/11\/news1_06-1024x683.jpg\" data-caption=\"\"srcset=\"https:\/\/schaeffer-americanhome.de\/wp-content\/uploads\/2021\/11\/news1_06-1024x683.jpg 1024w, https:\/\/schaeffer-americanhome.de\/wp-content\/uploads\/2021\/11\/news1_06-300x200.jpg 300w, https:\/\/schaeffer-americanhome.de\/wp-content\/uploads\/2021\/11\/news1_06-768x512.jpg 768w, https:\/\/schaeffer-americanhome.de\/wp-content\/uploads\/2021\/11\/news1_06-1536x1024.jpg 1536w, https:\/\/schaeffer-americanhome.de\/wp-content\/uploads\/2021\/11\/news1_06-2048x1366.jpg 2048w, https:\/\/schaeffer-americanhome.de\/wp-content\/uploads\/2021\/11\/news1_06-830x553.jpg 830w, https:\/\/schaeffer-americanhome.de\/wp-content\/uploads\/2021\/11\/news1_06-230x153.jpg 230w, https:\/\/schaeffer-americanhome.de\/wp-content\/uploads\/2021\/11\/news1_06-350x233.jpg 350w, https:\/\/schaeffer-americanhome.de\/wp-content\/uploads\/2021\/11\/news1_06-480x320.jpg 480w, https:\/\/schaeffer-americanhome.de\/wp-content\/uploads\/2021\/11\/news1_06-272x182.jpg 272w\" sizes=\"(max-width: 1024px) 100vw, 1024px\"\" \/>\n\t\t<div class=\"figc no-description\">\n\t\t\t<div class=\"figc-inner\">\n\t\t\t\t\t\t\t\t\t\t\t\t\t\t\t<\/div>\n\t\t<\/div>\n\n\t<\/div>\n\n<\/div><div class=\"modula-item effect-pufrobo\" >\n\t<div class=\"modula-item-overlay\"><\/div>\n\n\t<div class=\"modula-item-content\">\n\n\t\t\t\t\n\t\t\t\t\t<a data-image-id=\"3422\" href=\"https:\/\/schaeffer-americanhome.de\/wp-content\/uploads\/2021\/11\/news1_05.jpg\" rel=\"jtg-3430\" data-caption=\"\" class=\"tile-inner modula-item-link\"><\/a>\n\t\t\n\t\t<img class=\"pic\"  data-valign=\"middle\" data-halign=\"center\" alt=\"\" data-full=\"https:\/\/schaeffer-americanhome.de\/wp-content\/uploads\/2021\/11\/news1_05.jpg\" title=\"news1_05\" width=\"1024\" height=\"683\" src=\"https:\/\/schaeffer-americanhome.de\/wp-content\/uploads\/2021\/11\/news1_05-1024x683.jpg\" data-src=\"https:\/\/schaeffer-americanhome.de\/wp-content\/uploads\/2021\/11\/news1_05-1024x683.jpg\" data-caption=\"\"srcset=\"https:\/\/schaeffer-americanhome.de\/wp-content\/uploads\/2021\/11\/news1_05-1024x683.jpg 1024w, https:\/\/schaeffer-americanhome.de\/wp-content\/uploads\/2021\/11\/news1_05-300x200.jpg 300w, https:\/\/schaeffer-americanhome.de\/wp-content\/uploads\/2021\/11\/news1_05-768x512.jpg 768w, https:\/\/schaeffer-americanhome.de\/wp-content\/uploads\/2021\/11\/news1_05-1536x1024.jpg 1536w, https:\/\/schaeffer-americanhome.de\/wp-content\/uploads\/2021\/11\/news1_05-2048x1366.jpg 2048w, https:\/\/schaeffer-americanhome.de\/wp-content\/uploads\/2021\/11\/news1_05-830x553.jpg 830w, https:\/\/schaeffer-americanhome.de\/wp-content\/uploads\/2021\/11\/news1_05-230x153.jpg 230w, https:\/\/schaeffer-americanhome.de\/wp-content\/uploads\/2021\/11\/news1_05-350x233.jpg 350w, https:\/\/schaeffer-americanhome.de\/wp-content\/uploads\/2021\/11\/news1_05-480x320.jpg 480w, https:\/\/schaeffer-americanhome.de\/wp-content\/uploads\/2021\/11\/news1_05-272x182.jpg 272w\" sizes=\"(max-width: 1024px) 100vw, 1024px\"\" \/>\n\t\t<div class=\"figc no-description\">\n\t\t\t<div class=\"figc-inner\">\n\t\t\t\t\t\t\t\t\t\t\t\t\t\t\t<\/div>\n\t\t<\/div>\n\n\t<\/div>\n\n<\/div><div class=\"modula-item effect-pufrobo\" >\n\t<div class=\"modula-item-overlay\"><\/div>\n\n\t<div class=\"modula-item-content\">\n\n\t\t\t\t\n\t\t\t\t\t<a data-image-id=\"3421\" href=\"https:\/\/schaeffer-americanhome.de\/wp-content\/uploads\/2021\/11\/news1_04.jpg\" rel=\"jtg-3430\" data-caption=\"\" class=\"tile-inner modula-item-link\"><\/a>\n\t\t\n\t\t<img class=\"pic\"  data-valign=\"middle\" data-halign=\"center\" alt=\"\" data-full=\"https:\/\/schaeffer-americanhome.de\/wp-content\/uploads\/2021\/11\/news1_04.jpg\" title=\"news1_04\" width=\"1024\" height=\"683\" src=\"https:\/\/schaeffer-americanhome.de\/wp-content\/uploads\/2021\/11\/news1_04-1024x683.jpg\" data-src=\"https:\/\/schaeffer-americanhome.de\/wp-content\/uploads\/2021\/11\/news1_04-1024x683.jpg\" data-caption=\"\"srcset=\"https:\/\/schaeffer-americanhome.de\/wp-content\/uploads\/2021\/11\/news1_04-1024x683.jpg 1024w, https:\/\/schaeffer-americanhome.de\/wp-content\/uploads\/2021\/11\/news1_04-300x200.jpg 300w, https:\/\/schaeffer-americanhome.de\/wp-content\/uploads\/2021\/11\/news1_04-768x512.jpg 768w, https:\/\/schaeffer-americanhome.de\/wp-content\/uploads\/2021\/11\/news1_04-1536x1024.jpg 1536w, https:\/\/schaeffer-americanhome.de\/wp-content\/uploads\/2021\/11\/news1_04-2048x1366.jpg 2048w, https:\/\/schaeffer-americanhome.de\/wp-content\/uploads\/2021\/11\/news1_04-830x553.jpg 830w, https:\/\/schaeffer-americanhome.de\/wp-content\/uploads\/2021\/11\/news1_04-230x153.jpg 230w, https:\/\/schaeffer-americanhome.de\/wp-content\/uploads\/2021\/11\/news1_04-350x233.jpg 350w, https:\/\/schaeffer-americanhome.de\/wp-content\/uploads\/2021\/11\/news1_04-480x320.jpg 480w, https:\/\/schaeffer-americanhome.de\/wp-content\/uploads\/2021\/11\/news1_04-272x182.jpg 272w\" sizes=\"(max-width: 1024px) 100vw, 1024px\"\" \/>\n\t\t<div class=\"figc no-description\">\n\t\t\t<div class=\"figc-inner\">\n\t\t\t\t\t\t\t\t\t\t\t\t\t\t\t<\/div>\n\t\t<\/div>\n\n\t<\/div>\n\n<\/div><div class=\"modula-item effect-pufrobo\" >\n\t<div class=\"modula-item-overlay\"><\/div>\n\n\t<div class=\"modula-item-content\">\n\n\t\t\t\t\n\t\t\t\t\t<a data-image-id=\"3420\" href=\"https:\/\/schaeffer-americanhome.de\/wp-content\/uploads\/2021\/11\/news1_03.jpg\" rel=\"jtg-3430\" data-caption=\"\" class=\"tile-inner modula-item-link\"><\/a>\n\t\t\n\t\t<img class=\"pic\"  data-valign=\"middle\" data-halign=\"center\" alt=\"\" data-full=\"https:\/\/schaeffer-americanhome.de\/wp-content\/uploads\/2021\/11\/news1_03.jpg\" title=\"news1_03\" width=\"1024\" height=\"683\" src=\"https:\/\/schaeffer-americanhome.de\/wp-content\/uploads\/2021\/11\/news1_03-1024x683.jpg\" data-src=\"https:\/\/schaeffer-americanhome.de\/wp-content\/uploads\/2021\/11\/news1_03-1024x683.jpg\" data-caption=\"\"srcset=\"https:\/\/schaeffer-americanhome.de\/wp-content\/uploads\/2021\/11\/news1_03-1024x683.jpg 1024w, https:\/\/schaeffer-americanhome.de\/wp-content\/uploads\/2021\/11\/news1_03-300x200.jpg 300w, https:\/\/schaeffer-americanhome.de\/wp-content\/uploads\/2021\/11\/news1_03-768x512.jpg 768w, https:\/\/schaeffer-americanhome.de\/wp-content\/uploads\/2021\/11\/news1_03-1536x1024.jpg 1536w, https:\/\/schaeffer-americanhome.de\/wp-content\/uploads\/2021\/11\/news1_03-2048x1366.jpg 2048w, https:\/\/schaeffer-americanhome.de\/wp-content\/uploads\/2021\/11\/news1_03-830x553.jpg 830w, https:\/\/schaeffer-americanhome.de\/wp-content\/uploads\/2021\/11\/news1_03-230x153.jpg 230w, https:\/\/schaeffer-americanhome.de\/wp-content\/uploads\/2021\/11\/news1_03-350x233.jpg 350w, https:\/\/schaeffer-americanhome.de\/wp-content\/uploads\/2021\/11\/news1_03-480x320.jpg 480w, https:\/\/schaeffer-americanhome.de\/wp-content\/uploads\/2021\/11\/news1_03-272x182.jpg 272w\" sizes=\"(max-width: 1024px) 100vw, 1024px\"\" \/>\n\t\t<div class=\"figc no-description\">\n\t\t\t<div class=\"figc-inner\">\n\t\t\t\t\t\t\t\t\t\t\t\t\t\t\t<\/div>\n\t\t<\/div>\n\n\t<\/div>\n\n<\/div><div class=\"modula-item effect-pufrobo\" >\n\t<div class=\"modula-item-overlay\"><\/div>\n\n\t<div class=\"modula-item-content\">\n\n\t\t\t\t\n\t\t\t\t\t<a data-image-id=\"3419\" href=\"https:\/\/schaeffer-americanhome.de\/wp-content\/uploads\/2021\/11\/news1_02.jpg\" rel=\"jtg-3430\" data-caption=\"\" class=\"tile-inner modula-item-link\"><\/a>\n\t\t\n\t\t<img class=\"pic\"  data-valign=\"middle\" data-halign=\"center\" alt=\"\" data-full=\"https:\/\/schaeffer-americanhome.de\/wp-content\/uploads\/2021\/11\/news1_02.jpg\" title=\"news1_02\" width=\"1024\" height=\"683\" src=\"https:\/\/schaeffer-americanhome.de\/wp-content\/uploads\/2021\/11\/news1_02-1024x683.jpg\" data-src=\"https:\/\/schaeffer-americanhome.de\/wp-content\/uploads\/2021\/11\/news1_02-1024x683.jpg\" data-caption=\"\"srcset=\"https:\/\/schaeffer-americanhome.de\/wp-content\/uploads\/2021\/11\/news1_02-1024x683.jpg 1024w, https:\/\/schaeffer-americanhome.de\/wp-content\/uploads\/2021\/11\/news1_02-300x200.jpg 300w, https:\/\/schaeffer-americanhome.de\/wp-content\/uploads\/2021\/11\/news1_02-768x512.jpg 768w, https:\/\/schaeffer-americanhome.de\/wp-content\/uploads\/2021\/11\/news1_02-1536x1024.jpg 1536w, https:\/\/schaeffer-americanhome.de\/wp-content\/uploads\/2021\/11\/news1_02-2048x1366.jpg 2048w, https:\/\/schaeffer-americanhome.de\/wp-content\/uploads\/2021\/11\/news1_02-830x553.jpg 830w, https:\/\/schaeffer-americanhome.de\/wp-content\/uploads\/2021\/11\/news1_02-230x153.jpg 230w, https:\/\/schaeffer-americanhome.de\/wp-content\/uploads\/2021\/11\/news1_02-350x233.jpg 350w, https:\/\/schaeffer-americanhome.de\/wp-content\/uploads\/2021\/11\/news1_02-480x320.jpg 480w, https:\/\/schaeffer-americanhome.de\/wp-content\/uploads\/2021\/11\/news1_02-272x182.jpg 272w\" sizes=\"(max-width: 1024px) 100vw, 1024px\"\" \/>\n\t\t<div class=\"figc no-description\">\n\t\t\t<div class=\"figc-inner\">\n\t\t\t\t\t\t\t\t\t\t\t\t\t\t\t<\/div>\n\t\t<\/div>\n\n\t<\/div>\n\n<\/div><div class=\"modula-item effect-pufrobo\" >\n\t<div class=\"modula-item-overlay\"><\/div>\n\n\t<div class=\"modula-item-content\">\n\n\t\t\t\t\n\t\t\t\t\t<a data-image-id=\"3418\" href=\"https:\/\/schaeffer-americanhome.de\/wp-content\/uploads\/2021\/11\/news1_01.jpg\" rel=\"jtg-3430\" data-caption=\"\" class=\"tile-inner modula-item-link\"><\/a>\n\t\t\n\t\t<img class=\"pic\"  data-valign=\"middle\" data-halign=\"center\" alt=\"\" data-full=\"https:\/\/schaeffer-americanhome.de\/wp-content\/uploads\/2021\/11\/news1_01.jpg\" title=\"news1_01\" width=\"1024\" height=\"683\" src=\"https:\/\/schaeffer-americanhome.de\/wp-content\/uploads\/2021\/11\/news1_01-1024x683.jpg\" data-src=\"https:\/\/schaeffer-americanhome.de\/wp-content\/uploads\/2021\/11\/news1_01-1024x683.jpg\" data-caption=\"\"srcset=\"https:\/\/schaeffer-americanhome.de\/wp-content\/uploads\/2021\/11\/news1_01-1024x683.jpg 1024w, https:\/\/schaeffer-americanhome.de\/wp-content\/uploads\/2021\/11\/news1_01-300x200.jpg 300w, https:\/\/schaeffer-americanhome.de\/wp-content\/uploads\/2021\/11\/news1_01-768x512.jpg 768w, https:\/\/schaeffer-americanhome.de\/wp-content\/uploads\/2021\/11\/news1_01-1536x1024.jpg 1536w, https:\/\/schaeffer-americanhome.de\/wp-content\/uploads\/2021\/11\/news1_01-2048x1366.jpg 2048w, https:\/\/schaeffer-americanhome.de\/wp-content\/uploads\/2021\/11\/news1_01-830x553.jpg 830w, https:\/\/schaeffer-americanhome.de\/wp-content\/uploads\/2021\/11\/news1_01-230x153.jpg 230w, https:\/\/schaeffer-americanhome.de\/wp-content\/uploads\/2021\/11\/news1_01-350x233.jpg 350w, https:\/\/schaeffer-americanhome.de\/wp-content\/uploads\/2021\/11\/news1_01-480x320.jpg 480w, https:\/\/schaeffer-americanhome.de\/wp-content\/uploads\/2021\/11\/news1_01-272x182.jpg 272w\" sizes=\"(max-width: 1024px) 100vw, 1024px\"\" \/>\n\t\t<div class=\"figc no-description\">\n\t\t\t<div class=\"figc-inner\">\n\t\t\t\t\t\t\t\t\t\t\t\t\t\t\t<\/div>\n\t\t<\/div>\n\n\t<\/div>\n\n<\/div>\t\t\n\t<\/div>\n\n\t\n\t\n\t<script type=\"application\/ld+json\">\n\t{\n\t\t\"@context\": \"http:\/\/schema.org\",\n\t\t\"@type\"   : \"ImageGallery\",\n\t\t\"id\"      : \"https:\/\/schaeffer-americanhome.de\/wp-json\/wp\/v2\/pages\/3437\",\n\t\t\"url\"     : \"https:\/\/schaeffer-americanhome.de\/wp-json\/wp\/v2\/pages\/3437\"\n\t}\n\n    <\/script>\n\n\t\n<\/div>\n<\/div>\n\t\t<\/div><\/div><\/div><\/div><\/div><\/div>","protected":false},"excerpt":{"rendered":"<p>Bis heute wurden unter der Porta Eigenmarke \u201eSouthampton\u201c Programme im Landhaus- sowie Klassikbereich und Solitairem\u00f6bel angeboten. Seit 1.Oktober werden die Fl\u00e4chen umger\u00fcstet auf das neue \u201eSch\u00e4ffer Modulsystem\u201c. Mit Schwerpunkt auf Chrom\/Glas-Tischen, ausgefallenen exklusiven Kommoden\/Regalen\/Vitrinen und innovativen Polstergruppen wird das Erfolgskonzept des Nischenanbieters zeitgem\u00e4\u00df modifiziert. Schauen Sie doch mal rein. Sie finden uns in den H\u00e4usern [&hellip;]<\/p>\n","protected":false},"author":1,"featured_media":0,"parent":0,"menu_order":0,"comment_status":"closed","ping_status":"closed","template":"","meta":[],"aioseo_notices":[],"_links":{"self":[{"href":"https:\/\/schaeffer-americanhome.de\/index.php\/wp-json\/wp\/v2\/pages\/3437"}],"collection":[{"href":"https:\/\/schaeffer-americanhome.de\/index.php\/wp-json\/wp\/v2\/pages"}],"about":[{"href":"https:\/\/schaeffer-americanhome.de\/index.php\/wp-json\/wp\/v2\/types\/page"}],"author":[{"embeddable":true,"href":"https:\/\/schaeffer-americanhome.de\/index.php\/wp-json\/wp\/v2\/users\/1"}],"replies":[{"embeddable":true,"href":"https:\/\/schaeffer-americanhome.de\/index.php\/wp-json\/wp\/v2\/comments?post=3437"}],"version-history":[{"count":4,"href":"https:\/\/schaeffer-americanhome.de\/index.php\/wp-json\/wp\/v2\/pages\/3437\/revisions"}],"predecessor-version":[{"id":3466,"href":"https:\/\/schaeffer-americanhome.de\/index.php\/wp-json\/wp\/v2\/pages\/3437\/revisions\/3466"}],"wp:attachment":[{"href":"https:\/\/schaeffer-americanhome.de\/index.php\/wp-json\/wp\/v2\/media?parent=3437"}],"curies":[{"name":"wp","href":"https:\/\/api.w.org\/{rel}","templated":true}]}}